s 9 + -4964d9?
-4964d0
In base 14, what is 35215 - 56?
3519d
In base 2, what is 1001000110 + 1000001110011111111?
1000001111101000101
In base 3, what is 10 + -2212100110211?
-2212100110201
In base 2, what is -100010010000101011110000010 - 0?
-100010010000101011110000010
In base 4, what is 101023 - 1030011100?
-1023310011
In base 9, what is -30 + 110213?
110173
In base 7, what is -13 - -23552306?
23552263
In base 16, what is 10 + 546cf7?
546d07
In base 16, what is -6092 - b3?
-6145
In base 8, what is 3542 - -241753?
245515
In base 9, what is 3624 - 173721?
-170086
In base 9, what is 41611806 + -30?
41611766
In base 13, what is -211 + -18146?
-18357
In base 6, what is 4204235 - -11231?
4215510
In base 9, what is -62 + -17544?
-17616
In base 14, what is 29a9982 + 2?
29a9984
In base 10, what is -7 + -729736?
-729743
In base 7, what is -3 - -1210462614?
1210462611
In base 13, what is -aa95a9 + 4?
-aa95a5
In base 7, what is 26 - -534231?
534260
In base 12, what is -4 + 2b940399?
2b940395
In base 12, what is 5 + 159784?
159789
In base 5, what is -2 - -1104430430?
1104430423
In base 11, what is 87983 - 138?
87846
In base 15, what is eeeea1 - -14?
eeeeb5
In base 12, what is -611 + -2b7?
-908
In base 14, what is 2539367 + 4?
253936b
In base 7, what is -205463644 - 13?
-205463660
In base 10, what is 5 - -29325984?
29325989
In base 13, what is 1 - 6c084?
-6c083
In base 13, what is -2a + a82c4?
a8297
In base 4, what is -1203 + -131330003?
-131331212
In base 3, what is -100221 - -1022010110?
1021202112
In base 13, what is -1c3322a - 0?
-1c3322a
In base 8, what is 34010 + -430?
33360
In base 8, what is -56642026 + -1?
-56642027
In base 11, what is -282458 - 335?
-282792
In base 8, what is -5 - -246761502?
246761475
In base 2, what is 110100111010111100110101 - 10?
110100111010111100110011
In base 10, what is 2 - -6911199?
6911201
In base 14, what is -37 + 3627ddd?
3627da6
In base 7, what is 213 - -3431654?
3432200
In base 12, what is -b820 + -128?
-b948
In base 4, what is 31133201321 - 123?
31133201132
In base 2, what is -1101110 - -1000111011010000101000?
1000111011001110111010
In base 5, what is 0 + -114133341200?
-114133341200
In base 5, what is -3202213142 - -4?
-3202213133
In base 12, what is -26 + 1376b3?
137689
In base 7, what is 3 - 110106324?
-110106321
In base 8, what is -543006 - -130?
-542656
In base 4, what is -13 + 3133130030?
3133130011
In base 5, what is 22303 - 121232331?
-121210023
In base 15, what is 6be5 - -c58?
794d
In base 4, what is 2012023210020 + 3?
2012023210023
In base 12, what is 1290b + 3b?
1294a
In base 8, what is 475550 + -3060?
472470
In base 5, what is -10 - -1141321213140?
1141321213130
In base 6, what is 3241 + 203305?
210550
In base 4, what is 1100222333 - 0?
1100222333
In base 3, what is 21001201 + -10021020?
10210111
In base 16, what is -15b6f8 + -d?
-15b705
In base 15, what is ca + 2ce2e?
2d009
In base 5, what is 1311333330 + -12?
1311333313
In base 15, what is 14c + 15e?
2ab
In base 9, what is 12 + -242407?
-242385
In base 9, what is -102336483 + 2?
-102336481
In base 12, what is -16a646a + -1?
-16a646b
In base 14, what is -45cdad - 29?
-45cdd8
In base 5, what is -44034312442 - 0?
-44034312442
In base 14, what is 2d7 + 1166?
145d
In base 16, what is b662cb - 2?
b662c9
In base 5, what is 110233221 - -1104?
110234330
In base 16, what is 11 - -5f7b2?
5f7c3
In base 11, what is 1491a4 + -40?
149164
In base 11, what is 5 - -62480a3?
62480a8
In base 6, what is -41415 - 1?
-41420
In base 5, what is 30314 - 2343102?
-2312233
In base 8, what is 17 + 3505132?
3505151
In base 6, what is 1254155535 - -5?
1254155544
In base 12, what is 7b761 + -114?
7b649
In base 16, what is -19c - -463?
2c7
In base 16, what is -436d - 36f7?
-7a64
In base 15, what is 1 + e0aea8a?
e0aea8b
In base 8, what is -115271 + 2356?
-112713
In base 16, what is -1fe8 - -161?
-1e87
In base 9, what is 28106 + 103?
28210
In base 2, what is 10111001100 + 1001001001110?
1100000011010
In base 16, what is c1535 - -31?
c1566
In base 9, what is 1544061 + -38?
1544022
In base 16, what is -e8b + 5d5?
-8b6
In base 14, what is -9bccbb - 7?
-9bccc4
In base 16, what is 80 + -16555?
-164d5
In base 10, what is -1979536 - 46?
-1979582
In base 7, what is -5 + 3103330150?
3103330142
In base 8, what is -106450 - -44742?
-41506
In base 13, what is -2 + -9524?
-9526
In base 9, what is 0 + 7035481?
7035481
In base 14, what is cd90 + -82?
cd0c
In base 6, what is -232 + -114444215?
-114444451
In base 12, what is 44788922 + -2?
44788920
In base 8, what is -37204422 - 3?
-37204425
In base 8, what is -10577613 - -40?
-10577553
In base 16, what is 15 - -1242d1?
1242e6
In base 12, what is -a91 + 41b84a?
41a979
In base 4, what is 30103112 - 111020?
23332032
In base 2, what is -1011111111000010011011 + -10110?
-1011111111000010110001
In base 10, what is 5209071 - 7?
5209064
In base 12, what is 14 + 1105a50?
1105a64
In base 10, what is 585 - -157608?
158193
In base 5, what is 142410341 + -1330?
142404011
In base 6, what is 4 + 2220404255?
2220404303
In base 6, what is 3252 + 15231102?
15234354
In base 7, what is 25054 - 103001?
-44614
In base 10, what is 45 - 4246500?
-4246455
In base 12, what is 45 - -2340a0?
234125
In base 9, what is 117018475 - -12?
117018487
In base 7, what is 1013 - 16325?
-15312
In base 3, what is 101011120221 + 102000?
101011222221
In base 2, what is -1011001110101001 - 1100100?
-1011010000001101
In base 14, what is 2c + 63724c?
63727a
In base 12, what is -25074 + -a4?
-25158
In base 4, what is 3 + -23203201221?
-23203201212
In base 5, what is 232 + 2034140434?
2034141221
In base 7, what is -333 - 120054442?
-120055105
In base 12, what is -14 - 7893b7?
-78940b
In base 10, what is -154847 + -688?
-155535
In base 4, what is -312113001033 + -12?
-312113001111
In base 16, what is 174c97 - 35?
174c62
In base 4, what is -200113212 + -1300?
-200121112
In base 5, what is 331044 - -4433?
341032
In base 16, what is -42dba + -1?
-42dbb
In base 9, what is -33 + 1715525?
1715482
In base 9, what is -17471000 + -8?
-17471008
In base 9, what is -5 - 11774203?
-11774208
In base 7, what is 650 - -142125?
143105
In base 4, what is 121302113000 + -12?
121302112322
In base 2, what is 1010 - 10011000001001100111?
-10011000001001011101
In base 7, what is 3 - 5254304?
-5254301
In base 15, what is -1d53d - da?
-1d628
In base 4, what is 103 - -2022103010?
2022103113
In base 6, what is -14225 - -2441?
-11344
In base 3, what is -20 + 10102020210121?
10102020210101
In base 14, what is -7b741 + 26?
-7b719
In base 9, what is 628657814 - 3?
628657811
In base 7, what is -356 + -1161552?
-1162241
In base 2, what is -11110010101 + -1110100000010010?
-1110111110100111
In base 2, what is 100 + -100111010100110100010111010?
-100111010100110100010110110
In base 2, what is -1 - 1001100101000101100?
-1001100101000101101
In base 7, what is -12 + 1112610144?
1112610132
In base 11, what is 30aa00 - -4?
30aa04
In base 2, what is 101101110 + -11000011010011101?
-11000010100101111
In base 7, what is -6 + 31041316?
31041310
In base 3, what is 1112122210121121 + -1?
1112122210121120
In base 4, what is -1132111 + -201220?
-1333331
In base 7, what is -5111225452 + -2?
-5111225454
In base 3, what is -101 - 20201120012222012?
-20201120012222120
In base 6, what is -333 + -1524445?
-1525222
In base 3, what is -2122021110210000 + 222?
-2122021110202001
In base 7, what is -224616215 - 4?
-224616222
In base 7, what is -51154 + 331310?
250123
In base 7, what is -1433 + 25223324?
25221561
In base 10, what is -4813 - 4159?
-8972
In base 15, what is 88588 - 15?
88573
In base 2, what is -1111011100111101010000 + 10001001?
-1111011100111011000111
In base 13, what is 4 + -4b25997a?
-4b259976
In base 15, what is -1088 - 19c6?
-2a5e
In base 10, what is -83286390 - -3?
-83286387
In base 4, what is 131 - -102011121?
102011312
In base 4, what is -3 - 22001020103?
-22001020112
In base 14, what is -43 + -4b96b?
-4b9b0
In base 13, what is 1 - 18caa4?
-18caa3
In base 11, what is -449679 - 16?
-449694
In base 11, what is 3 + -52242605?
-52242602
In base 3, what is 2110020002212 - -1020?
2110020011002
In base 7, what is 13336325503 + -2?
13336325501
In base 4, what is 11103000230 + 1?
11103000231
In base 4, what is -11 - 21302023333?
-21302